est common factor of 1945 and 1369332515.
1945
What is the highest common divisor of 104 and 34076744?
104
Calculate the highest common factor of 25197961 and 17.
17
Calculate the highest common divisor of 453725577 and 69.
69
Calculate the greatest common factor of 7859160 and 4540.
20
What is the highest common factor of 24698 and 129850?
106
What is the highest common factor of 3451315 and 2205?
245
What is the highest common divisor of 46347900 and 180?
60
Calculate the greatest common factor of 133 and 101558933.
133
Calculate the greatest common divisor of 91 and 83909735.
91
Calculate the greatest common divisor of 1491 and 74571.
21
Calculate the highest common factor of 1760 and 613920.
160
What is the greatest common divisor of 1983360 and 196608?
384
Calculate the highest common divisor of 14161 and 97727.
7
Calculate the highest common factor of 119 and 3006703.
7
What is the greatest common factor of 6699 and 45378564?
231
What is the greatest common divisor of 25622 and 168544?
46
Calculate the greatest common divisor of 511320 and 2410.
10
What is the greatest common divisor of 725 and 4051025?
25
What is the greatest common factor of 180 and 2406251700?
180
What is the greatest common factor of 150 and 3877905?
15
What is the highest common divisor of 74141809 and 1772?
443
What is the greatest common divisor of 5548 and 306308?
292
Calculate the highest common factor of 278376584 and 2810.
562
What is the highest common factor of 2302585 and 15?
5
What is the highest common factor of 5547 and 2095089?
129
Calculate the highest common factor of 255780 and 186564.
84
What is the greatest common divisor of 1939 and 17569279?
1939
Calculate the highest common factor of 12425391 and 414.
9
What is the highest common divisor of 473847 and 1826?
913
Calculate the greatest common factor of 9457712 and 308.
44
What is the greatest common factor of 10 and 351366480?
10
What is the highest common divisor of 3492496 and 91?
7
What is the highest common divisor of 801 and 66833037?
801
What is the greatest common divisor of 117 and 1279322148?
39
What is the highest common factor of 23002 and 11161178?
434
What is the greatest common divisor of 14578916 and 8?
4
Calculate the highest common divisor of 176000 and 2349952.
1408
Calculate the highest common divisor of 1868055 and 20610.
15
What is the highest common divisor of 10215 and 35447185?
1135
Calculate the greatest common divisor of 164 and 152479.
41
What is the greatest common divisor of 11560 and 144267355?
1445
Calculate the greatest common divisor of 91813938 and 15285.
3057
Calculate the greatest common factor of 41015165 and 895.
895
Calculate the greatest common factor of 25104 and 1564293.
1569
Calculate the highest common factor of 11220 and 166119580.
3740
What is the greatest common divisor of 208 and 8748337?
13
What is the highest common divisor of 130131 and 315458091?
6849
Calculate the greatest common divisor of 8700 and 1285425.
2175
What is the highest common divisor of 548 and 45116840?
548
What is the greatest common factor of 1693843 and 17127?
173
What is the greatest common divisor of 280732941 and 9?
9
Calculate the highest common divisor of 428 and 107923303.
107
Calculate the highest common factor of 38 and 112794298.
38
Calculate the highest common factor of 18173329 and 28196.
1007
Calculate the highest common divisor of 1864687 and 13059398.
6589
Calculate the highest common factor of 9261 and 29523382.
343
What is the highest common divisor of 1031082 and 91?
13
What is the highest common factor of 4482823 and 3390?
113
What is the highest common factor of 7664044 and 105694?
2458
What is the highest common factor of 54 and 41351499?
27
Calculate the highest common factor of 237755280 and 276.
12
What is the greatest common divisor of 1978 and 679374?
46
What is the highest common factor of 12420 and 16699311?
621
What is the greatest common divisor of 823500 and 27882?
18
Calculate the greatest common factor of 70090 and 1158420.
430
Calculate the greatest common divisor of 733985 and 319573.
313
Calculate the highest common factor of 547565 and 101365.
485
Calculate the greatest common factor of 195579 and 93.
93
Calculate the highest common divisor of 9002 and 7234393.
643
Calculate the highest common divisor of 30723 and 32034387.
1617
Calculate the greatest common divisor of 4851 and 1420461.
441
Calculate the greatest common divisor of 630 and 7866270.
90
Calculate the highest common divisor of 5306 and 48101543.
2653
Calculate the highest common divisor of 375948 and 6840.
36
Calculate the greatest common divisor of 5779539 and 5976.
747
What is the highest common divisor of 140820 and 53820?
60
What is the greatest common factor of 896 and 136117856?
224
Calculate the greatest common factor of 49568953 and 7.
7
What is the highest common divisor of 68 and 80835289?
17
What is the highest common factor of 108551012 and 94?
94
What is the highest common factor of 779 and 23579674?
41
What is the highest common factor of 4942 and 92462349?
2471
What is the highest common divisor of 2162034534 and 3714?
3714
Calculate the highest common divisor of 36184301 and 8144.
509
What is the greatest common divisor of 328 and 5609251?
41
Calculate the greatest common divisor of 139605 and 65595.
15
What is the highest common factor of 489 and 36541014?
489
What is the highest common divisor of 7421 and 88478?
41
What is the highest common divisor of 84 and 4570692?
84
What is the highest common factor of 1445784 and 6?
6
What is the highest common factor of 1905164 and 1580?
316
What is the greatest common factor of 333430 and 1250?
10
Calculate the highest common divisor of 2905 and 114405955.
415
What is the highest common divisor of 130158 and 269451?
63
Calculate the greatest common factor of 81290 and 22.
22
What is the highest common divisor of 409727 and 12803?
31
What is the highest common divisor of 2889 and 82431?
27
What is the highest common divisor of 2171 and 81319982?
167
Calculate the highest common factor of 3243026157 and 651.
651
Calculate the greatest common factor of 5371252 and 68.
68
Calculate the greatest common divisor of 754795 and 15.
5
What is the greatest common factor of 1755 and 4542642?
351
What is the greatest common divisor of 15634188 and 2052?
2052
What is the greatest common factor of 342 and 238829373?
171
What is the greatest common divisor of 20843 and 106409?
1097
Calculate the highest common divisor of 11007484 and 99244.
172
Calculate the greatest common factor of 638 and 7629523.
319
Calculate the greatest common factor of 1967947 and 4.
1
Calculate the greatest common divisor of 169952508 and 396.
396
What is the highest common divisor of 19270489 and 67193?
2317
What is the greatest common factor of 32287 and 7780?
389
Calculate the highest common factor of 23664 and 16312848.
1392
Calculate the highest common divisor of 9054 and 165381873.
1509
Calculate the greatest common divisor of 172869 and 7230693.
5961
What is the greatest common divisor of 47268 and 520958?
202
Calculate the highest common factor of 1140 and 228330.
30
Calculate the greatest common factor of 1912770 and 29415.
795
What is the highest common factor of 2842708 and 44?
44
Calculate the greatest common divisor of 10393 and 10437307.
547
Calculate the greatest common factor of 8407042 and 14.
14
Calculate the greatest common factor of 1285 and 407345.
1285
Calculate the greatest common factor of 457810 and 470.
10
What is the greatest common factor of 8892027 and 74736?
1557
Calculate the highest common divisor of 6862697 and 3799.
131
Calculate the highest common divisor of 54 and 205008.
6
Calculate the highest common divisor of 1377 and 14481387.
9
Calculate the greatest common factor of 55 and 97521390.
5
What is the greatest common factor of 933160795 and 235?
235
Calculate the highest common factor of 424 and 81425914.
106
What is the greatest common divisor of 3454 and 46804055?
157
What is the greatest common divisor of 995282 and 1015138?
2482
What is the highest common divisor of 3 and 112116723?
3
What is the highest common divisor of 357 and 1923537?
21
Calculate the greatest common factor of 27268749 and 21.
3
What is the hig